7. Is a(-5) a composite number?
False
Suppose -5*t = -4*s - 246, -s - 61 - 38 = -2*t. Let k = t + 1091. Is k prime?
False
Let h = 8 + -3. Suppose d + 2 = h. Suppose -18 = -y - p, -d*y + 32 = -5*p - 46. Is y composite?
True
Let i = 2730 - -3169. Is i composite?
True
Let k(a) = 26*a**3 + 2*a**2 + 5*a - 4. Suppose n - 4 = -1. Is k(n) prime?
False
Is (-3634)/((-1 - 8) + 7) a prime number?
False
Let c(l) = 5*l - 7. Let b(r) = -r**2 + 5*r - 6. Let n(x) = -5*b(x) + 4*c(x). Let h be n(-5). Suppose -h - 121 = -3*z. Is z a prime number?
False
Let d(m) = 45*m**3 + 5*m**2 - 4*m - 1. Is d(5) a prime number?
False
Suppose 0 = -5*r + 2*r - 2*j + 23713, 0 = 4*r + 4*j - 31624. Is r a prime number?
True
Let u(g) = -8*g + 21. Let o be u(3). Is (-2)/(2*(o - -2))*1777 a composite number?
False
Suppose -4*j - 2*b = -38704, 3*b + 13746 = -5*j + 62125. Is j composite?
False
Let y(w) = 8*w**2 + 0*w - 5*w + 2 + 3 + 3. Is y(-15) a prime number?
False
Let u be 25/10 + (-1)/(-2). Let h(v) = 2*v**2 - 5*v + 5. Let q be h(u). Suppose -k + 11 = q. Is k a prime number?
True
Suppose 0*p - 78 = 3*p. Let y = p + 17. Is (y/3)/((-9)/2103) prime?
True
Is -12*(-5)/10 + 99555 + 2 a composite number?
False
Let w be (-3)/(90/(-35) + 3). Is 1465*1 + -7*1/w a composite number?
True
Let k be (8/12)/(4/18). Suppose -k*d = -82 + 19. Is d a prime number?
False
Suppose 19120 + 73042 = 4*k + 2*p, 2*k - 46084 = 2*p. Is k composite?
False
Let m(n) = -82*n + 2. Let p(h) = -82*h + 1. Let v(z) = 3*m(z) - 4*p(z). Let r be v(2). Let j = -69 + r. Is j a prime number?
True
Let r = -96 + 128. Is (-2)/16 - (-146468)/r prime?
False
Let d = -12 + 12. Suppose d = 4*l + 12, -2*n + l = -0*n - 585. Is n prime?
False
Let r = 1978 - 863. Let q = r + -742. Is q a prime number?
True
Let d(h) = 15*h - 2. Suppose 0 = -9*l + 4*l - 15. Let s be l + 8 - 2 - -1. Is d(s) prime?
False
Let j(k) be the third derivative of -k**4/24 - 2*k**3 - k**2. Let o be j(-8). Is 254/6*(-12)/o prime?
True
Let y be (-14)/(-4)*(-16)/(-28). Let m(a) = 1 + 10*a + 3*a**2 - 2*a**y + a**2. Is m(7) prime?
False
Suppose 3*m = -5*m + 391936. Is (-1)/(m/16332 - 3) prime?
False
Let z = 114823 + -67746. Is z composite?
True
Let m = -20 - -68. Let f(p) = p**3 + 5*p**2 - 3*p + 5. Let w be f(-6). Let y = m + w. Is y a composite number?
True
Let d = 29124 + -19831. Is d a composite number?
False
Suppose -4*j - 27876 = -16*j. Is j composite?
True
Is (-10)/20 + 171269/14 composite?
True
Let g(f) be the third derivative of f**5/6 - f**4/8 + 11*f**3/6 + 20*f**2. Is g(6) composite?
False
Let q be 2/(-5) + 64/10. Suppose -26 = -5*c - q. Suppose -y - 3*y = -4*k + 64, c*y = -k + 31. Is k a prime number?
True
Let q = -44 + 47. Suppose 0 = -q*k + 1031 + 583. Is k prime?
False
Let o = 28 + -24. Suppose -6*b = -o*b - 412. Is b composite?
True
Suppose 48*q = 52*q - 29292. Is q prime?
False
Suppose -4070 = -4*b + 2766. Is b composite?
False
Let s(i) = 20*i. Let a be s(-1). Is 16/a - 2394/(-30) a composite number?
False
Let c(o) = -4476*o + 695. Is c(-4) a composite number?
True
Suppose 0 = 2*c - 132 + 976. Is (1 - (1 - c))*(-2)/4 a composite number?
False
Is ((-20778)/8)/(-9 + 69/8) prime?
False
Suppose 5*v - 11 = 3*f, -5*v + 8*v = -5*f + 27. Suppose v*a - 966 - 590 = 0. Is a a prime number?
True
Let a(k) = -541*k + 50. Is a(-11) prime?
False
Let a = -209 - -98. Let y = 254 + a. Is y a prime number?
False
Let g(c) = -9*c + 33*c**2 + 60*c**2 - 5 + 3 + 37*c**2. Is g(3) a composite number?
True
Let w(b) = 13*b**2 - b + 71. Is w(-16) a composite number?
True
Suppose 8*o - 10*o = -8. Suppose 2*v - 17 = o*d + 301, -2*d - 624 = -4*v. Is v a composite number?
True
Let c(d) = -11*d**3 - 9*d**2 + 8*d. Let x be c(6). Let s = -1697 - x. Is s composite?
True
Suppose 6*t + 27 + 33 = 0. Let b(x) = -2*x**3 + 7*x + 7. Is b(t) prime?
False
Let c(x) = -123*x + 58. Let y(w) = 6*w - 32. Let l be y(4). Is c(l) prime?
False
Suppose 4 = 4*r - 2*t, -t = -2*r - 5*t + 12. Suppose -9*w = -6*w - 12, 4*h - 92 = 3*w. Suppose -r*l = -h + 4. Is l a prime number?
True
Let f(w) be the second derivative of 209*w**7/1260 - w**6/360 - w**5/120 - 2*w**4/3 - 4*w. Let b(c) be the third derivative of f(c). Is b(-1) prime?
True
Let o be 8 + 0 + -4 - 10. Is (1 + -4)*(1 - (-620)/o) prime?
True
Let y(d) = -d**2 - 11*d - 7. Let b(o) = o**2 - 16*o + 21. Let q be b(14). Let p be y(q). Is 6/p + 3212/28 composite?
True
Suppose -6*m + 30939 = -3915. Is m a prime number?
False
Suppose -79*m + 48546 = -80777. Is m composite?
False
Suppose -12713 = 27*h - 28*h. Is h a composite number?
False
Let p be 0 - 19 - (-1)/1. Let f be p*(-3)/18*-290. Let z = f - -1271. Is z composite?
False
Let b(i) be the third derivative of 539*i**5/60 + i**4/12 + 22*i**2 + 3*i. Let x be 1 + 1 - (2 + -1). Is b(x) composite?
False
Is 16/168 + 2475968/168 prime?
False
Is (-5)/(70/(-32396)) - (2 + -9) prime?
False
Let s(v) = 67*v - 18. Is s(25) a prime number?
True
Let d be 2 + (1 - -1) - 1. Suppose -q + 54 = d*h - 192, -3*q - h + 762 = 0. Suppose -2*y = -q - 71. Is y a composite number?
False
Let s(q) = 8*q**3 + 3*q + 2. Is s(7) a composite number?
False
Let k be 338*(-42)/(-24)*2. Suppose 3*p + k = 2*w, 3 = 3*p - 4*p. Is w composite?
False
Suppose 0 = -5*u - 13 + 33. Suppose -u*n + n = -6. Is 407 + n + (-1 - 1) a prime number?
False
Let p(y) = y**3 + 15*y**2 + 4. Let l be p(-15). Let n be (l - 6)/(-2 - 0). Is (-1)/((-2)/(n + 1297)) a prime number?
False
Suppose -4*h + 4 = -24. Let c be 514/(-7) - 4/h. Is -3*5/(15/c) composite?
True
Let j(p) = -p**3 + 2*p**2 + p - 11. Let d be j(8). Is -1*(d/3)/3 composite?
False
Let v = 30355 + -14233. Suppose 3*a = -5757 + v. Is a a prime number?
False
Let d = 18 - -78. Suppose 5*o - 316 + d = 5*z, z + 44 = -o. Let g = 251 - z. Is g a prime number?
False
Let d(y) = -70*y**3 - y. Let w be d(-1). Suppose 3*n - 665 = -2*b, -2*n + 2*b + w = -359. Is n prime?
False
Let g(y) = y**3 - 6*y**2 + 4*y + 7. Let b be g(5). Let h be (-3 - b)*1164/(-20). Suppose -4*m = -5*m + h. Is m prime?
False
Suppose -5*c - 13 = -8. Let x(a) = -210*a**3 + a**2 + 4*a + 2. Is x(c) a composite number?
True
Suppose 3*r + 4*h = 31, -3*r + 41 = 2*h - 3*h. Is 242/3*(r - 1) - 1 composite?
False
Suppose 2415 = g + d, 2*d - 2 = 2. Is g a composite number?
True
Suppose -2854 = -4*r - l, 5*l - 878 - 540 = -2*r. Let v = -395 + r. Is v prime?
False
Let x be (1 - 0)/(14/8 - 2). Is (32/(-12) - -2)/(x/84) a prime number?
False
Let h(f) = 2*f + 6. Let a be h(-10). Is (1 - 6/4)*a composite?
False
Suppose 4*h + 3*b - 57187 = 0, 0*h - 3*b = -2*h + 28571. Is h a composite number?
False
Let a = 5566 + 61. Is a composite?
True
Let t(w) = -w**3 - 57*w**2 - 46*w - 294. Is t(-59) composite?
True
Suppose 4*n = -3*y + 4971, -4*y + 12*n = 9*n - 6628. Is y prime?
True
Let d = -14 + 8. Let c be d/4 - (-49)/(-2). Let n = 41 + c. Is n a composite number?
True
Let v be (0 - 0 - 1426)*-1. Let n = -556 + v. Suppose 5*j - 1645 = n. Is j composite?
False
Let t = -15 + 10. Let p be -38 + (0/(-7) - 2). Is (346/8)/(t/p) a composite number?
True
Let w = 62 + -59. Suppose v = -4, -5*r - w*v = 429 - 1112. Is r prime?
True
Suppose 5*a = 15*i - 11*i + 115507, -3*a + 3*i = -69306. Is a a prime number?
True
Suppose -2*x = -3*r - 41045, 10*x - 9*x + 5*r = 20542. Is x a composite number?
True
Suppose -5774 + 24650 = -6*f. Let z = -2043 - f. Is z a prime number?
True
Suppose 276245 = 29*u - 1510938. Is u prime?
True
Let i(g) = g**3 + 12*g**2 - 8*g + 4. Let q be i(8). Let n be -4 + (0 - -2) - q. Let r = n + 1803. Is r prime?
False
Suppose 9 = 2*b - 3*d, -2*d = b - 4 + 10. Suppose b = -0*x - 3*x + 861. Is x prime?
False
Suppose 9*x - 290810 = 34387. Is x prime?
False
Suppose -4*s + a = -0*s - 17, 0 = s + 5*a + 22. Suppose -6 = -n - s. Suppose 0 = -4*x - n*j + 1382, -2 = 2*j - j. Is x a composite number?
False
Let r(v) = -2*v**2 - 16*v + 21. Let t be r(-9). Suppose 3*x - 3*c - 618 = 0, -t*x + 262 = -4*c - 359. Is x a prime number?
False
Let o(t) = 140*t**3 - 2*t**2 + 4*t - 11. Is o(4) a composite number?
False
Suppose 2*r - 16 = 3*r. Let k = 18 + r. Suppose 86 = -0*h + k*h. Is h a composite number?
False
Suppose 4*s - 18661 - 6973 = 2*w, -w - 6410 = -s. Is s a composite number?
True
Let p = -49 + 63. Suppose p*z = 4*z + 310. Is z prime?
True
Suppose 5*c + 3360 = 2*t + 22372, 2*t = -c + 380